nits digit of f?
1
Suppose 0 = -7*u + 468 + 78. What is the tens digit of u?
7
Let z be (-1 + 6)*(-16)/(-10). Let v(o) = 5*o + 0 - 10 - 1 - 1. What is the tens digit of v(z)?
2
Suppose -29*l + 4*l = -4550. What is the units digit of l?
2
Suppose -5*f - 13*x + 16*x = -28753, -3*f - 5*x + 17279 = 0. What is the hundreds digit of f?
7
What is the hundreds digit of 4/(12/(-9)) + 15 + 328?
3
Let n(h) = 29*h**2 + 2*h + 1. Let r be n(-1). Suppose -2*q = 8 - r. What is the units digit of q?
0
Let m(v) = 3*v**3 - v**2 + 5*v. Let l(y) = 2*y**3 - 2*y**2 + 5*y - 1. Let p(w) = -4*l(w) + 3*m(w). Let j be p(-6). What is the units digit of j + 25/(1 - 0)?
3
Let z(u) be the second derivative of u**5/20 + 4*u**4/3 + 5*u**3/2 + 18*u**2 - 2*u + 39. What is the tens digit of z(-6)?
0
Suppose -13*v = -18*v. Suppose 4*w = 2*m - 5*m + 855, -4*m + 20 = v. Suppose -c = 5*c - w. What is the units digit of c?
5
Let o be (3/6 - 20/8) + -11. Let k(l) = -4 + 3*l + 6*l + 14 + l**2. What is the tens digit of k(o)?
6
Suppose -45*i + 41*i + 3268 = 0. What is the tens digit of i?
1
Suppose 3*l + g - 1771 = 0, -g = l + l - 1181. What is the units digit of l?
0
Let f = -1 + -7. Let j(v) = v + 66. What is the tens digit of j(f)?
5
Let x be (-510)/80 - 3/(-8). Let r(i) = -i**3 + 8*i - 9. What is the hundreds digit of r(x)?
1
Let h = 1029 + -684. What is the tens digit of h?
4
Let f(m) = -m**2 - 4 + m**3 - 3*m + 2*m + 8*m - 2. Let r be f(5). Suppose 0 = 3*l - 39 - r. What is the units digit of l?
6
Let d = 14 - 11. Suppose -d*q + 237 = 4*w, 438 - 156 = 5*w - q. What is the tens digit of w?
5
Let m(k) = k**3 + 6*k**2 + 3*k. Let u(d) = 2*d**2 - 2*d + 4. Let b be u(3). Suppose -4*v = -0*v + b. What is the tens digit of m(v)?
2
What is the tens digit of ((-1084)/(-6))/(9 - 208/24)?
4
Let u(n) = 147*n**2 + 4*n + 5. What is the hundreds digit of u(-1)?
1
Suppose 0 = 84*s - 96*s + 3108. What is the tens digit of s?
5
Let z be 4/6 - 15*2/(-9). Suppose 3*p - 493 = -2*x, p - 165 = z*x - 5*x. What is the units digit of p?
3
What is the tens digit of 6*(1 + (1260/8 - -2))?
6
Let j = 13864 + -9021. What is the hundreds digit of j?
8
Let o be 6/(-27) - 44/(-36). Let z be 3*(2 + 5/(-3)). Suppose -t + z + o = 0. What is the units digit of t?
2
Suppose 3*j - 3*y - 279 = 0, 2*j + 5*y = 226 - 26. Let p = -55 + j. What is the tens digit of p?
4
Suppose -27*p + 22*p - 70 = 0. Let f be (-4)/p - 608/(-28). Suppose i - 18 = -3*l + f, 5*i - 2*l - 234 = 0. What is the tens digit of i?
4
Let g = 4 + 2. Let p(w) = w. Let z(x) = 3*x + 1. Let c(h) = g*p(h) - z(h). What is the units digit of c(3)?
8
Let d = 989 - 201. What is the units digit of d?
8
Let m = 58 + -28. Suppose -6*f + m = -306. What is the tens digit of f?
5
Suppose -5*o + 31 = 1. Let k be -1*o/(-2) - -11. Let n = 23 - k. What is the units digit of n?
9
Suppose 7*r + 4200 = 3*f + 6*r, 5*f - 7010 = 5*r. What is the tens digit of f?
9
Let a be 2 - 9/(9/(-478)). Suppose 5*x - 2*x + 4*b - a = 0, 0 = 3*x - 5*b - 480. What is the hundreds digit of x?
1
Let k = 176 + -105. Suppose -2*t = -2*l + 76 + 62, -l - t = -k. Suppose -2*v + 2*u + l = 0, -2*u - 16 = 2*u. What is the units digit of v?
1
Suppose -2*d - d = -216. Let m = 9 + -3. Suppose -d = 4*n - m*n. What is the units digit of n?
6
Suppose 0*s = -2*s. Suppose 4*a - 2*h = 3*h + 137, s = 5*a + 3*h - 199. Let c = -8 + a. What is the tens digit of c?
3
Let f be (-93)/6 - 2/(-4). Let m = 193 + f. What is the hundreds digit of m?
1
Suppose 0 = -5*o - 5*n + 2295, -4*n + 373 = o - 92. Let q = -296 + o. What is the units digit of q?
1
Suppose -34*q + 182000 = 22*q. What is the thousands digit of q?
3
Suppose -5*m + 3*z - 409 = 0, -m + 3*m + 154 = -2*z. Suppose -719 = 5*s - 4*r, 4*s + 3*r = -0*r - 569. Let y = m - s. What is the units digit of y?
3
Let d = -1 + 3. Let f(w) = -w**3 + d*w**3 - 4*w**3 + 2*w**2 - 1. What is the units digit of f(-1)?
4
Suppose -a - 4*z + 1506 = 0, -a + 2*z = -1168 - 344. What is the tens digit of a?
1
Suppose -7*m - 4*m = 0. Suppose x + 3*n - 143 + 21 = 0, 4*x - 2*n - 446 = m. What is the units digit of x?
3
Suppose -36 + 8 = d. Let a(f) = -23*f - 27. Let t be a(2). Let b = d - t. What is the tens digit of b?
4
Let w(b) = -b**3 + 10*b**2 + 11*b + 8. Let s = -14 - -25. Let o be w(s). Suppose 3*k = o*k - 65. What is the tens digit of k?
1
Suppose -a + 1919 = -i, -16*a = -17*a - 2*i + 1919. What is the hundreds digit of a?
9
Let z = 221 - 154. Suppose 0 = b - z - 5. What is the units digit of b?
2
Suppose -46*t = -43*t + 2*r - 3356, 3*t + 3*r - 3354 = 0. What is the hundreds digit of t?
1
Let o(l) = -6 - 13 + 7*l**2 - 3*l + 0. What is the units digit of o(-5)?
1
Suppose 0*d + 8*d = 496. Let w = d + -18. What is the tens digit of w?
4
Let j be (-9)/2*(-8)/18. Suppose 5*o - 3*q + 0*q - 10 = 0, -j*q = 5*o - 10. What is the units digit of 52 + (o - 2) + -4?
8
Suppose -1 - 11 = -4*j + l, 2*j = l + 4. Suppose i = j*r + 20, -6 = -i - r + 4. What is the tens digit of i?
1
Let v(a) = a**3 + 10. Let g be v(0). Let h = g + 81. What is the tens digit of h?
9
Suppose -3*n + 4*a + 470 = 2*n, n + 3*a - 113 = 0. Suppose 5*q - 464 = -c - n, 3*q + 5*c - 224 = 0. What is the units digit of q?
3
Let f(l) = 3*l**3 - 21*l**2 - 20*l + 80. What is the thousands digit of f(15)?
5
Let c = 110 + -23. Let v = 77 + c. What is the tens digit of v?
6
Suppose 5*k + 164 = 559. What is the tens digit of k?
7
Suppose -119*n = -121*n + 1492. What is the hundreds digit of n?
7
Suppose 15*j = -36*j + 72318. What is the hundreds digit of j?
4
Suppose -942*i + 32004 = -930*i. What is the hundreds digit of i?
6
Let r = 273 + 69. What is the hundreds digit of r?
3
Suppose 37*d = 33*d + 4148. What is the thousands digit of d?
1
Suppose 2*b - 240 = -736. Let y = 120 + b. What is the tens digit of 10/4*y/(-20)?
1
Let o(x) = -2*x - 15. Let h be o(-11). Suppose 0 = 2*i - h*i - 65. Let a = i - -22. What is the units digit of a?
9
Let n(v) = 27*v. Let i be n(-5). Suppose 4*m - 2*m = -182. Let a = m - i. What is the units digit of a?
4
Let n be -3 + 3/((-3)/(-5)). Suppose 0 = -3*g - 3*z - 2 + 41, -n*z - 2 = 0. Suppose 0 = -g*y + 13*y + 40. What is the tens digit of y?
4
Suppose 2 = -2*x - 3*y, -1 = 2*x + 4*y + 5. Let q be 2*((-620)/(-8))/x. Suppose j - q = -3. What is the units digit of j?
8
Let s(y) = -y - 17. Let z be s(-16). Let r(f) = -1. Let u(i) = -3*i + 2. Let a(q) = z*u(q) + 6*r(q). What is the tens digit of a(14)?
3
Let x(n) = n**3 + 7*n**2 + 4*n - 13. Let b be x(-6). What is the units digit of (-17 + 15)*(0 + b) - -117?
9
Let s(u) = 10*u**2 + u + 4. Let x be s(-4). Suppose 3*c + o + o = x, c = -4*o + 50. What is the tens digit of c?
5
Let d = 603 - 416. What is the hundreds digit of d?
1
What is the thousands digit of 2448 - (0 - (-6 - -1))*-1?
2
Let b(t) = -4*t + 6*t - 3*t**2 + 1 + 4*t**2 + t. Let r be ((-1)/5 - -1)*-5. What is the units digit of b(r)?
5
What is the units digit of 1*-3*3473/(-69)?
1
Let u = 4 - -31. Suppose -2*t - 4*f + 10 = 2, 0 = t + 3*f - 5. Suppose 0 = -t*b + d + u, b - 10 = -0*d - 2*d. What is the units digit of b?
6
Let q(a) = 26*a**2 + 1. Let u be q(-1). Let v = 106 + -121. Let p = v + u. What is the tens digit of p?
1
Let h = -852 + 1222. What is the hundreds digit of h?
3
Let u = 404 - 256. Suppose 4*l - 5*n = -0*l + 148, 4*l = 3*n + u. What is the units digit of l?
7
Let y = 26 + -21. Suppose 0 = y*c + 3*o - 17, 0*c = -c - 2*o + 2. Suppose 11 = c*t - 1. What is the units digit of t?
3
Let j = 17 - 3. Suppose 5*q = -2*i + j, -2*i - 4*q = -6*i. Suppose -i*g = 3*f - 45, 3*f - 88 = -2*f + g. What is the units digit of f?
7
Let y(h) = -h**2 + 14*h - 34. Let i be y(11). What is the hundreds digit of (-745)/15*3*i?
1
Let x(h) = -2*h - 11. Let y(j) = 3*j + 12. Let o(n) = 4*x(n) + 3*y(n). Let q be o(4). Let u(w) = w**2 - 7*w - 5. What is the units digit of u(q)?
9
Suppose 3*b = 350 + 4948. What is the units digit of b?
6
Let t(c) = -2*c**2 - 13*c + 16. Let i be t(-7). Let b = -8 + i. What is the units digit of b?
1
Let v = 112 + -64. Let n = v + -25. What is the tens digit of n?
2
Let y be 638/(-11)*58/(-4). Suppose -o - 4*o - 3*f = -y, 4*f - 838 = -5*o. What is the units digit of o?
0
Suppose 0 = 3*p, -5*p - 278 = -2*u - 0*p. Suppose -c + u = -63. What is the hundreds digit of c?
2
Let l be 12 - 3 - 6